{"id":40,"date":"2023-03-21T18:10:54","date_gmt":"2023-03-21T17:10:54","guid":{"rendered":"https:\/\/fraemeproduction.art\/?post_type=product&#038;p=40"},"modified":"2023-09-11T16:18:55","modified_gmt":"2023-09-11T14:18:55","slug":"entre-la-vie-et-la-mort-diane-guyot-de-saint-michel","status":"publish","type":"product","link":"https:\/\/fraemeproduction.art\/index.php\/produit\/entre-la-vie-et-la-mort-diane-guyot-de-saint-michel\/","title":{"rendered":"\u00ab\u00a0Entre la vie et la mort\u00a0\u00bb, Diane Guyot de Saint Michel"},"content":{"rendered":"<p class=\"p1\">\u00ab Y a-t-il un espace plus public que l\u2019h\u00f4pital ? On y na\u00eet, on y meurt, entre la vie et la mort, on y est gu\u00e9ri, r\u00e9par\u00e9. Quoi qu\u2019on en dise, on y fera tous un saut.<\/p>\n<p class=\"p1\">Aux urgences, endolories de toutes les mani\u00e8res, on veut des r\u00e9sultats, des images. En ce milieu, infiltr\u00e9e entre la douleur du patient et le m\u00e9dical, je prends note de l\u2019importante parole \u00e9chang\u00e9e et figure ce singulier vis-\u00e0-vis humain.<\/p>\n<p class=\"p1\">Le service de r\u00e9animation en pleine p\u00e9riode Covid, est hors de port\u00e9e des regards. D\u00e9j\u00e0 d\u2019acc\u00e8s restreint, ce lieu devient l\u2019espace confin\u00e9 dans le confinement. Par\u00e9s de toutes les protections, je deviens m\u00e9connaissable, semblable au reste de l\u2019\u00e9quipe. Dans ce huis clos exceptionnel o\u00f9 se m\u00ealent casse-cro\u00fbtes et poches de sang, crainte du virus et humour salvateur je saisis les respirations, les mots, les objets et les gestes.<\/p>\n<p class=\"p1\">Entre la vie et la mort est la chronique dessin\u00e9e de ces deux espaces qui forment ce paysage insaisissable, ou presque. \u00bb<\/p>\n<p>Diane Guyot de Saint Michel<\/p>\n","protected":false},"excerpt":{"rendered":"<p>Format 17 x 24 cm \u2014 128 pages<\/p>\n<p class=\"p1\">Plus de 150 dessins r\u00e9alis\u00e9s par l\u2019artiste en r\u00e9sidence \u00e0 l\u2019h\u00f4pital Europ\u00e9en de Marseille r\u00e9unis dans une publication \u00e9dit\u00e9 par Fr\u00e6me et Immixtion Books avec le soutien du Frac Sud.<\/p>\n<p>&nbsp;<\/p>\n","protected":false},"featured_media":318,"template":"","meta":[],"product_brand":[],"product_cat":[18],"product_tag":[],"class_list":{"0":"post-40","1":"product","2":"type-product","3":"status-publish","4":"has-post-thumbnail","6":"product_cat-livres","8":"first","9":"instock","10":"taxable","11":"shipping-taxable","12":"purchasable","13":"product-type-simple"},"_links":{"self":[{"href":"https:\/\/fraemeproduction.art\/index.php\/wp-json\/wp\/v2\/product\/40","targetHints":{"allow":["GET"]}}],"collection":[{"href":"https:\/\/fraemeproduction.art\/index.php\/wp-json\/wp\/v2\/product"}],"about":[{"href":"https:\/\/fraemeproduction.art\/index.php\/wp-json\/wp\/v2\/types\/product"}],"wp:featuredmedia":[{"embeddable":true,"href":"https:\/\/fraemeproduction.art\/index.php\/wp-json\/wp\/v2\/media\/318"}],"wp:attachment":[{"href":"https:\/\/fraemeproduction.art\/index.php\/wp-json\/wp\/v2\/media?parent=40"}],"wp:term":[{"taxonomy":"product_brand","embeddable":true,"href":"https:\/\/fraemeproduction.art\/index.php\/wp-json\/wp\/v2\/product_brand?post=40"},{"taxonomy":"product_cat","embeddable":true,"href":"https:\/\/fraemeproduction.art\/index.php\/wp-json\/wp\/v2\/product_cat?post=40"},{"taxonomy":"product_tag","embeddable":true,"href":"https:\/\/fraemeproduction.art\/index.php\/wp-json\/wp\/v2\/product_tag?post=40"}],"curies":[{"name":"wp","href":"https:\/\/api.w.org\/{rel}","templated":true}]}}