{"id":84,"date":"2023-03-21T17:40:47","date_gmt":"2023-03-21T16:40:47","guid":{"rendered":"https:\/\/fraemeproduction.art\/?post_type=product&#038;p=84"},"modified":"2023-03-21T17:44:22","modified_gmt":"2023-03-21T16:44:22","slug":"frederic-clavere","status":"publish","type":"product","link":"https:\/\/fraemeproduction.art\/index.php\/produit\/frederic-clavere\/","title":{"rendered":"Fr\u00e9d\u00e9ric Clav\u00e8re"},"content":{"rendered":"<p><strong>Catalogue monographique, 2006<\/strong><br \/>\nTextes de Fr\u00e9d\u00e9ric Valabr\u00e8gue, Jo\u00ebl Kermarrec et Eric Mangion<br \/>\n20,5 x 27,5 cm \u2013 104 pages \u2013 1000 exemplaires<br \/>\nCo-\u00e9dition : Sextant et plus, Monografik, et le 19<\/p>\n","protected":false},"excerpt":{"rendered":"<p>Catalogue monographique, 2006 Textes de Fr\u00e9d\u00e9ric Valabr\u00e8gue, Jo\u00ebl Kermarrec et Eric Mangion 20,5 x 27,5 cm \u2013 104 pages \u2013 1000 exemplaires Co-\u00e9dition : Sextant et plus, Monografik, et le 19<\/p>\n","protected":false},"featured_media":91,"template":"","meta":[],"product_brand":[],"product_cat":[18],"product_tag":[],"class_list":{"0":"post-84","1":"product","2":"type-product","3":"status-publish","4":"has-post-thumbnail","6":"product_cat-livres","8":"first","9":"instock","10":"taxable","11":"shipping-taxable","12":"purchasable","13":"product-type-simple"},"_links":{"self":[{"href":"https:\/\/fraemeproduction.art\/index.php\/wp-json\/wp\/v2\/product\/84","targetHints":{"allow":["GET"]}}],"collection":[{"href":"https:\/\/fraemeproduction.art\/index.php\/wp-json\/wp\/v2\/product"}],"about":[{"href":"https:\/\/fraemeproduction.art\/index.php\/wp-json\/wp\/v2\/types\/product"}],"wp:featuredmedia":[{"embeddable":true,"href":"https:\/\/fraemeproduction.art\/index.php\/wp-json\/wp\/v2\/media\/91"}],"wp:attachment":[{"href":"https:\/\/fraemeproduction.art\/index.php\/wp-json\/wp\/v2\/media?parent=84"}],"wp:term":[{"taxonomy":"product_brand","embeddable":true,"href":"https:\/\/fraemeproduction.art\/index.php\/wp-json\/wp\/v2\/product_brand?post=84"},{"taxonomy":"product_cat","embeddable":true,"href":"https:\/\/fraemeproduction.art\/index.php\/wp-json\/wp\/v2\/product_cat?post=84"},{"taxonomy":"product_tag","embeddable":true,"href":"https:\/\/fraemeproduction.art\/index.php\/wp-json\/wp\/v2\/product_tag?post=84"}],"curies":[{"name":"wp","href":"https:\/\/api.w.org\/{rel}","templated":true}]}}